{"id":147,"date":"2016-06-20T12:45:17","date_gmt":"2016-06-20T12:45:17","guid":{"rendered":"http:\/\/projectif.net\/tutoweb\/16t2tou11\/?page_id=2"},"modified":"2022-01-03T12:45:51","modified_gmt":"2022-01-03T12:45:51","slug":"cap-invest-innov","status":"publish","type":"page","link":"https:\/\/capinvestinnov.fr\/","title":{"rendered":"CaP Invest Innov"},"content":{"rendered":"<p style=\"text-align: left;\"><span style=\"font-size: 14pt; color: #800080;\"><strong><span style=\"font-family: arial,helvetica,sans-serif;\">CaP Invest Innov &#8211; la protection des entreprises, notre passion<\/span><\/strong><\/span><\/p>\n<p><span style=\"font-size: 10pt; font-family: arial,helvetica,sans-serif;\"><strong><span style=\"color: #800080;\"><span style=\"font-size: 12pt;\">Prenez le bon CaP, \u00ab\u00a0Investinnovons\u00a0\u00bb, prot\u00e9geons votre entreprise<\/span><\/span><\/strong><\/span><span style=\"font-size: 10pt; font-family: arial,helvetica,sans-serif;\"><strong><span style=\"color: #800080;\">.<\/span><br \/>\n<\/strong><\/span><\/p>\n<p style=\"text-align: justify;\"><span style=\"font-size: 10pt; font-family: arial,helvetica,sans-serif;\">Vous souhaitez prot\u00e9ger votre entreprise, vos installations, vos savoir-faire, votre innovation\u2026<\/span><\/p>\n<p style=\"text-align: justify;\"><span style=\"font-size: 10pt; font-family: arial, helvetica, sans-serif;\"><span style=\"font-size: 12pt; color: #800080;\"><strong>CaP Invest Innov<\/strong><\/span>\u00a0 forme vos managers, vos employ\u00e9s, vos personnels nomades \u00e0 l&rsquo;Intelligence \u00c9conomique,\u00a0 aux bonnes m\u00e9thodes de protection des informations, \u00e0 la continuit\u00e9 de l&rsquo;activit\u00e9.<\/span><\/p>\n<p style=\"text-align: justify;\"><span style=\"font-size: 10pt; font-family: arial,helvetica,sans-serif;\"><span style=\"color: #800080; font-size: 12pt;\"><strong>CaP Invest Innov<\/strong><\/span>, votre Capital Protection de l\u2019Investissement et de l\u2019Innovation.<\/span><\/p>\n<p style=\"text-align: justify;\"><span style=\"font-size: 10pt;\"><span style=\"font-family: arial,helvetica,sans-serif;\"><span style=\"color: #800080; font-size: 12pt;\"><strong>CaP Invest Innov<\/strong><\/span>, 28 ann\u00e9es d\u2019exp\u00e9rience \u00e0 votre service.<\/span> <\/span><\/p>\n<p style=\"text-align: justify;\"><a href=\"http:\/\/capinvestinnov.fr\/wp-content\/uploads\/2016\/09\/capinvestinnov2.jpg\"><img decoding=\"async\" loading=\"lazy\" class=\"wp-image-707 aligncenter\" src=\"http:\/\/capinvestinnov.fr\/wp-content\/uploads\/2016\/09\/capinvestinnov2-300x144.jpg\" alt=\"capinvestinnov2\" width=\"250\" height=\"120\" srcset=\"https:\/\/capinvestinnov.fr\/wp-content\/uploads\/2016\/09\/capinvestinnov2-300x144.jpg 300w, https:\/\/capinvestinnov.fr\/wp-content\/uploads\/2016\/09\/capinvestinnov2.jpg 610w\" sizes=\"(max-width: 250px) 100vw, 250px\" \/><\/a><\/p>\n","protected":false},"excerpt":{"rendered":"<p>CaP Invest Innov &#8211; la protection des entreprises, notre passion Prenez le bon CaP, \u00ab\u00a0Investinnovons\u00a0\u00bb, prot\u00e9geons votre entreprise. Vous souhaitez prot\u00e9ger votre entreprise, vos installations, vos savoir-faire, votre innovation\u2026 CaP Invest Innov\u00a0 forme vos managers, vos employ\u00e9s, vos personnels nomades \u00e0 l&rsquo;Intelligence \u00c9conomique,\u00a0 aux bonnes m\u00e9thodes de protection des informations, \u00e0 la continuit\u00e9 de l&rsquo;activit\u00e9. &hellip; <a href=\"https:\/\/capinvestinnov.fr\/\" class=\"more-link\">Continuer la lecture de <span class=\"screen-reader-text\">CaP Invest Innov<\/span><\/a><\/p>\n","protected":false},"author":1,"featured_media":0,"parent":0,"menu_order":1,"comment_status":"closed","ping_status":"closed","template":"","meta":[],"_links":{"self":[{"href":"https:\/\/capinvestinnov.fr\/index.php\/wp-json\/wp\/v2\/pages\/147"}],"collection":[{"href":"https:\/\/capinvestinnov.fr\/index.php\/wp-json\/wp\/v2\/pages"}],"about":[{"href":"https:\/\/capinvestinnov.fr\/index.php\/wp-json\/wp\/v2\/types\/page"}],"author":[{"embeddable":true,"href":"https:\/\/capinvestinnov.fr\/index.php\/wp-json\/wp\/v2\/users\/1"}],"replies":[{"embeddable":true,"href":"https:\/\/capinvestinnov.fr\/index.php\/wp-json\/wp\/v2\/comments?post=147"}],"version-history":[{"count":39,"href":"https:\/\/capinvestinnov.fr\/index.php\/wp-json\/wp\/v2\/pages\/147\/revisions"}],"predecessor-version":[{"id":1114,"href":"https:\/\/capinvestinnov.fr\/index.php\/wp-json\/wp\/v2\/pages\/147\/revisions\/1114"}],"wp:attachment":[{"href":"https:\/\/capinvestinnov.fr\/index.php\/wp-json\/wp\/v2\/media?parent=147"}],"curies":[{"name":"wp","href":"https:\/\/api.w.org\/{rel}","templated":true}]}}